6*r/4. Calculate the greatest common factor of j and 66.
6
Suppose -54*y + 7594 = -2234. What is the highest common divisor of 169 and y?
13
Let x be (269/3 - -1) + (-4)/(-12). Calculate the greatest common divisor of x and 7.
7
Suppose 0 = 63*b - 97*b + 272. Calculate the highest common divisor of 52 and b.
4
Suppose r - 3*a = 22, 0*r - a = 5*r - 46. Let x = -15 + 45. Let w be 40/6*5/(x/99). What is the highest common factor of w and r?
10
Let z be (-42)/(-5) - 2/5. Let n be (-4)/(-6)*36/z. Suppose 0 = -n*l - l + 12. What is the greatest common divisor of 2 and l?
1
Let x be 43/(-3 + ((-408)/(-22))/6). Calculate the highest common divisor of x and 11.
11
Suppose g + g = -4*m + 166, 3*g = 9. Let j be (4/8)/((-8)/(-320)). Calculate the greatest common divisor of j and m.
20
Let d be 9/((-36)/16)*(-1)/(-1). Let y(u) = -4*u - 2. Let t be y(d). What is the greatest common divisor of t and 2?
2
Suppose -371 = 11*h + 157. Let b be 24/h - (-1 - 54/4). What is the highest common factor of 70 and b?
14
Let p be 5 - (-3)/((-3)/(-5)). What is the greatest common divisor of 3 and p?
1
Suppose y + 26 = s, -3*s = 6*y - y + 106. Let z = y + 52. Let o = z - 16. What is the greatest common divisor of 39 and o?
13
Let p be (-3 - 50/(-15))*273. What is the greatest common factor of 39 and p?
13
Suppose 2*g - 20 = -2*f, -4*f + 6 + 6 = 0. Let l = -21 + 56. Suppose 28 + 7 = 5*c + 2*d, 0 = -5*c + d + l. What is the highest common factor of g and c?
7
Let a = 22 + -32. Let f(m) = -2 - 4*m - 8*m - m. Let b be f(a). Calculate the greatest common factor of 32 and b.
32
Let a be 22*3 + 0/(-5). Let i = 7 - 14. Let p = i - -13. Calculate the highest common divisor of p and a.
6
Suppose -a + 0*a = -2*o + 6, 5*a + 18 = 4*o. Let u be 0/(1*3/3). Suppose u = o*g + 1 - 9. Calculate the greatest common factor of g and 12.
4
Let p = -58 - -82. Let b = p - 22. Suppose 20 = -b*n + 6*n. Calculate the highest common factor of n and 45.
5
Let k(h) = -h**2 - 5*h + 3. Let l be k(5). Let x = l - -142. What is the greatest common factor of x and 38?
19
Let l = 44 + -42. Suppose -l*g = -0*g - 14. What is the highest common factor of g and 63?
7
Let a = 204 - 105. Let k = 11 + -8. Suppose -10 = 4*y + y, k*y + 33 = 3*j. Calculate the highest common divisor of a and j.
9
Let u = 128 + 147. What is the greatest common divisor of u and 11?
11
Let x be (-1 + 0)/((-1)/5). Suppose 4*b - 4 = 8*b, 0 = x*u - 5*b - 165. Suppose -12*g + 2 + 94 = 0. Calculate the highest common factor of g and u.
8
Suppose 2*n - a = 5*n - 26, 4*a - 48 = -5*n. Suppose 5*r - 4 - 50 = -2*p, -3*r = 4*p - 24. What is the highest common divisor of n and r?
4
Suppose 0 = 25*d - 93 + 18. Let f(h) = 14*h - 1. Let y be f(2). What is the highest common divisor of d and y?
3
Let n = 1850 - 1475. What is the greatest common divisor of 15 and n?
15
Let l(i) = i**2 + i + 1. Let d(m) = m**3 + 8*m**2 - 6*m - 6. Let o(j) = d(j) - 3*l(j). Let b be o(-6). Calculate the greatest common divisor of 54 and b.
9
Suppose -5*q = -4*q - 1. Let s(f) = 73*f + 1. Let p be s(q). Suppose -4*w = -5*d - 0*w + p, 2*d - w = 32. What is the highest common factor of 9 and d?
9
Suppose -3*q + 4*t + 10 = 0, 4*q = 2*t + 5 + 5. Let l be (-63)/q*(0 + -2). Calculate the greatest common factor of 9 and l.
9
Suppose 2*y + 2*d - 5 = d, 1 = y + 2*d. Suppose -y*u + 758 = -268. Let x be ((-3)/(-2))/(27/u). Calculate the highest common divisor of x and 133.
19
Let p be -2 - -9 - 3 - 36. Let t = 59 + p. Suppose 72 = 4*d - 0*d. Calculate the greatest common divisor of t and d.
9
Suppose 0 = -l - p + 10, 2*p = 3*l - 2*l - 13. Let r(y) = 38*y - 1. Let z be r(5). Let v = z - 101. What is the highest common factor of v and l?
11
Suppose -2*w = -2*b - 7*w + 55, -w = -3. Let l be (-184)/(-10) - 8/b. Suppose 2*h - h = 2. Calculate the highest common factor of l and h.
2
Suppose -x + 162 = 3*o + 2*x, -o = 3*x - 58. What is the highest common factor of 52 and o?
52
Let t = -15 - -24. Let i(u) = -u**3 + 15*u**2 + 58*u. Let o be i(18). What is the highest common divisor of o and t?
9
Suppose 0 = 14*s - 21 - 161. What is the highest common factor of s and 403?
13
Suppose 5*w = -2*m + 538, -w - m = -3*m - 110. What is the highest common divisor of w and 180?
36
Let m = 177 - 77. What is the highest common divisor of 225 and m?
25
Let q(g) = g**3 + 22*g**2 + 21*g + 45. Let f be q(-21). Calculate the highest common divisor of f and 54.
9
Let y(w) = -4*w + 10 - 3*w - w**2 + 16*w. Let q be y(7). Calculate the highest common factor of q and 120.
24
Suppose 2*p - 961 - 8699 = -4*y, 5*p = 5*y + 24210. What is the greatest common factor of p and 118?
118
Suppose -22*v + 31*v = 459. Calculate the highest common divisor of 204 and v.
51
Suppose 3*m - 298 - 188 = 0. What is the highest common factor of 9 and m?
9
Suppose -732 = -3*o + 4*j - j, -3*j - 485 = -2*o. Let m(y) = -12*y + 91. Let s be m(6). Calculate the greatest common factor of s and o.
19
Suppose 2*s = -g + 14, -4*g - g + 38 = 2*s. Let r be (-3)/(-12)*3*-80. Let n be (r/(-14))/((-7)/(-49)). What is the greatest common divisor of n and g?
6
Suppose -4*d + 20 = 0, -4*d = -3*m - 104 + 786. What is the highest common factor of 72 and m?
18
Suppose 17*l + 8*l - 2500 = 0. What is the greatest common divisor of 2150 and l?
50
Let s be 4/8 - 18/4. Let m = -3 - s. Let f(t) = -13*t + 79. Let z be f(6). What is the highest common factor of z and m?
1
Let t be (4/(-6))/((-4)/288). Suppose 48 - 6 = 3*d. Let a = 20 - d. What is the greatest common factor of t and a?
6
Suppose -12*h + 2*h = -90. Let v(j) = 28*j + 15. Let g be v(3). What is the highest common divisor of g and h?
9
Suppose -6*b = -4*m - 7*b + 234, 2*b = -3*m + 178. What is the greatest common factor of m and 232?
58
Let u = 16 - 17. Let k be (-2 - -1)/(-1) - -18. Let o be (-5 - -2) + u + k. Calculate the greatest common factor of 45 and o.
15
Let t be 8 + (-7)/((-7)/2). Suppose 5*m - 105 - t = 0. What is the highest common factor of 253 and m?
23
Let r = 12 + 10. Let s(g) = g**3 + 8*g**2 - g + 10. Let j be s(-7). Let z = j + r. What is the greatest common factor of 8 and z?
8
Let q = -15 - -13. Let a(i) = -3*i**3 - 2*i**2 + i. Let y be a(q). Calculate the highest common divisor of y and 154.
14
Let y(n) = -n**3 + 3*n**2 + 4*n - 2. Let d = 27 - 29. Let g be y(d). Let t(f) = -f**2 - 17*f - 2. Let m be t(-8). What is the highest common divisor of m and g?
10
Suppose -n = 6*m - 89, -15*m + 32 = -13*m - 2*n. What is the highest common divisor of m and 2760?
15
Let h = 89 + -50. Let p = 40 - h. What is the highest common divisor of 1 and p?
1
Suppose s - 3*q = -0*s + 43, 5*s - 150 = 2*q. Suppose -2 = -3*b + 4*b. Let h be b/((-4)/7)*(-20)/(-1). Calculate the greatest common factor of h and s.
14
Suppose 4780 = 10*y - 7630. What is the greatest common factor of 17 and y?
17
Let c(b) = 2*b**2 - 9 + 11 + 8*b + 3. Let r be c(-5). Let d(u) = u - 2. Let g be d(r). Calculate the greatest common factor of g and 104.
13
Let w = -186 - -198. What is the highest common divisor of 54 and w?
6
Let p = -675 - -722. Calculate the greatest common factor of 1457 and p.
47
Suppose -5 = p, 2*v = -3*p + 469 + 1240. Suppose 0 = 5*d - v + 257. What is the greatest common factor of 11 and d?
11
Let l = -18 - -20. Suppose -3*y = b - 12, -1 = b - l*y + 2. Suppose 5*h = t + 7, 4*h + b = -5*t - 3. Calculate the greatest common factor of h and 5.
1
Let u(b) = -3*b - 5. Let x be u(7). Let g be -2 + 1*(2 - x). Suppose 2*s = 83 + 125. What is the highest common divisor of g and s?
26
Suppose -2*y + b = -174 - 185, -339 = -2*y + 5*b. What is the greatest common factor of y and 52?
26
Suppose 5*r = -5*v + 435, 0*v - 2*v = 4*r - 164. What is the highest common factor of 46 and v?
46
Let z(j) = 2*j**2 + 3*j - 10. Let c be z(8). Suppose 405 - c = -k - 5*u, -4*k = -u + 1115. Let x = k + 413. What is the greatest common factor of x and 15?
15
Let q(c) = -2*c + 29. Let s be q(13). Let b be (210 - 3)*2/s. Calculate the highest common divisor of b and 23.
23
Suppose -3*b - 38 + 14 = 0. Let j = -3 - b. Suppose -26 = -2*k - x, j*x = -0*k - 3*k + 39. What is the greatest common factor of k and 13?
13
Let p be 4/4*(-3 + 0). Let r(l) = -2*l - 1. Let z be r(p). Suppose g + 17 = 2*j, g = -5*j - g + 56. What is the greatest common fact